is divided by n?
18
What is the remainder when 12633*(-8)/264*-11 is divided by 62?
57
Suppose 17*p - 998 - 1110 = 0. What is the remainder when p is divided by 37?
13
Let x = -3146 - -18415. Calculate the remainder when x is divided by 30.
29
Let m = -17067 - -17385. Calculate the remainder when 1536 is divided by m.
264
Let z = -468 + 533. What is the remainder when 217 is divided by z?
22
What is the remainder when (-9 - (-220)/25)/((-1)/365) is divided by ((-144)/(-84))/6 + 75/7?
7
Let u = -278 + 281. Calculate the remainder when 103 is divided by -1*(-16)/12 + 83/u.
16
Let x(s) = -12*s - 7. What is the remainder when 403 is divided by x(-5)?
32
Let f(m) = 2*m**2 - 61*m - 1. Let j be f(35). Let q = j + -124. Let k = 166 - 118. Calculate the remainder when q is divided by k.
46
Suppose -89*z = -9224 - 3414. What is the remainder when 6105 is divided by z?
141
Let h = -195 - -276. Let t = h - 48. Suppose 0 = 2*n - t - 7. What is the remainder when 79 is divided by n?
19
Let k be (124/(-5))/(-5 - 102/(-20)). What is the remainder when 133 is divided by k/(-7) + 1 - 195/455?
25
Let k(n) = -n**2 + 41*n + 1090. What is the remainder when 1145 is divided by k(-18)?
25
What is the remainder when 3445 is divided by 795*(2/(-8))/((-29)/580*15)?
0
Suppose 0 = -5*b - 2*k + 210, -2*b + 2*k + 71 = -27. Suppose 3*i - 316 = -4*d, -i + 34 = -d - 69. Calculate the remainder when i is divided by b.
16
Calculate the remainder when 400 is divided by (12 + (-171)/(-36))*4.
65
Suppose 0 = -5*g - 5*c + 290, 3*g - 194 = -0*g + c. Let i = g + -108. Calculate the remainder when (68/(-6))/(10/i) is divided by 26.
25
Suppose 0*g - 2*g + 10 = 0. Suppose 2*l + 5*m + 962 = 976, 2*l = 5*m + 34. What is the remainder when l is divided by g?
2
Let d = 4390 - 4376. What is the remainder when d is divided by 9?
5
Let d(j) = -j + 1. Let p(q) be the first derivative of -3*q**2 + 22*q - 6. Let h(a) = 22*d(a) - 2*p(a). What is the remainder when h(-6) is divided by 10?
8
Let t = 4183 - 4165. What is the remainder when 754 is divided by t?
16
Suppose -j - 37*u + 738 = -39*u, 3*u = 5*j - 3676. Calculate the remainder when j is divided by 270.
194
Let p be 2286/3*(-3)/(-6). Let i = p - 319. Calculate the remainder when 617 is divided by i.
59
Suppose -9*u + 390 = -870. Suppose 512 = 4*k + u. Calculate the remainder when k is divided by 42.
9
Let x be ((8 - 2)/1)/((-21)/(-14)). Suppose 14*l - 400 = x*l. Suppose 5*b = -p + l, -p + 177 = 4*p + 2*b. Calculate the remainder when 69 is divided by p.
34
Let s(p) = 27*p - 1781. Let o(z) = 23*z**2 + 3*z - 3. Calculate the remainder when o(3) is divided by s(68).
48
Let j = -29 - -33. Suppose -j*k = -10*k + 168. What is the remainder when k is divided by (-2)/5 - 82/(-5)?
12
Suppose -3*w + 3 = u, -w - 6 = -2*u - 0*w. Suppose -b + u*b = 2*i - 160, -3*b + 320 = 4*i. Calculate the remainder when i is divided by 29.
22
Let w(g) = -84*g**2 + 4*g + 11. Let b be w(-2). Let r = -54 - b. What is the remainder when r is divided by 28?
27
Suppose z = -m + 112, -2*z - 2*m + 220 = -4*m. Suppose -3*a - 5*x + 124 = 38, 4*a = -3*x + z. What is the remainder when a is divided by 5?
2
Suppose 71*f + 4*l = 75*f - 4060, -2*l + 2054 = 2*f. Calculate the remainder when f is divided by 69.
55
Suppose -28*a - 3*b = -4417, a - 2*b + 5*b - 178 = 0. What is the remainder when 283 is divided by a?
126
Let f(t) = 752*t**3 + 4*t**2 + 6*t + 2. Let r be f(-1). Let n = 800 + r. Calculate the remainder when n is divided by 29.
19
Suppose -68 = -6*g - 26. Let f(u) = -u**3 + 10*u**2 - 13*u - 27. Calculate the remainder when 104 is divided by f(g).
17
Suppose 0 = 6*o - 2*o - 20, 4*b + 39 = -o. Let q be (2/(1 - -1))/(b/33). Calculate the remainder when 133 is divided by -15*(0 + (q - 0)).
43
Let v(p) be the third derivative of p**6/120 - p**5/12 + 3*p**4/8 - 3*p**3/2 + p**2 + 19. Calculate the remainder when (-2)/(-4) - (-158)/4 is divided by v(4).
7
Suppose 5*l - 2*k - 53 = 29, 4*l - k = 65. Let q be 399/35 - -2*(-1)/5. Suppose 52 = q*v - 47. What is the remainder when l is divided by v?
7
What is the remainder when 3077/51 + 1/(-3)*1 is divided by 18?
6
Let h(c) = 54*c + 261. Let b be h(-4). Suppose 2*p - 24 = -3*q + b, -4*p = -q - 145. Let u = -47 + 117. Calculate the remainder when u is divided by p.
34
Suppose -296*c + 294*c = -18. What is the remainder when 9/36 + 198/8 is divided by c?
7
Suppose 24*n - 10*n - 28 = 0. What is the remainder when 334 is divided by ((-168)/(-18))/(n/18)?
82
Let f = -826 - -848. Let g = 9 + -5. Suppose -q + 12 = g. What is the remainder when f is divided by q?
6
Suppose 3*d = 8 + 46. Let x(p) = -6*p**3 + 66*p**2 - 17*p + 37. What is the remainder when x(10) is divided by d?
17
Let q be (-81)/(-21) + (-9)/(-63). Suppose q*p = -4*p. Suppose -5*z - 5*z + 260 = p. What is the remainder when z is divided by 7?
5
Let r = 26587 + -26579. Calculate the remainder when 853 is divided by r.
5
Suppose -165 = -2*z + 3*r, 7*z + 3*r - 339 = 3*z. Suppose 0 = a + 5*a - z. Calculate the remainder when 125 is divided by a.
13
Let d(u) = 29*u - 84. Let z be d(3). Suppose p - 30 = -z*b, -5*p + 42 + 108 = b. What is the remainder when p is divided by 10?
0
Suppose -741*c - 2961 = -750*c. What is the remainder when c is divided by 37?
33
Let l = 5296 + -5265. What is the remainder when 2258 is divided by l?
26
Calculate the remainder when 825 is divided by (-414)/27*((-7)/2 + (-10 - -9)).
66
Suppose 804 = 3*n - 4*i, 4*n + i - 1269 = -197. What is the remainder when n is divided by 74?
46
Suppose -2*u + 2*j = -11 - 15, 0 = 2*u + 3*j - 21. Suppose -111 - 554 = 7*a. Let v = -48 - a. What is the remainder when v is divided by u?
11
Calculate the remainder when 2012 is divided by (-132)/(-44)*(4 - (-70)/6).
38
Suppose -531*v - 1988 = -11546. Let t(l) = -4*l - 1 - 12*l - l. What is the remainder when t(-2) is divided by v?
15
Let n be 3/((-24)/(-40)) - -8. Calculate the remainder when 32 is divided by -13*(-3 - (-36)/n).
2
Let j(d) = 6*d**2 - 17*d + 1. Let k be j(4). Suppose k*x - 27*x = 78. Calculate the remainder when 65 is divided by x.
26
Let d(t) = 16*t**2 + 86*t + 378. What is the remainder when d(-6) is divided by 17?
13
Let d(j) = -4*j + 5. Let h = -116 + 106. Calculate the remainder when d(h) is divided by 6/(-10)*(-24 - -4).
9
Suppose -86*m + 81*m = -3*x - 85605, -85585 = -5*m - x. Calculate the remainder when m is divided by 16.
14
Suppose -18 = 10*v - 58. Let d(m) = -3*m - 13. Suppose -3*g - 2*g = 5*o + 40, -o = 5*g + 16. Calculate the remainder when d(o) is divided by v.
1
Suppose -22 = -3*h + h - l, -4 = 4*h - 4*l. Calculate the remainder when 17748 is divided by h.
3
Suppose 0 = 504*s - 576*s + 969048. What is the remainder when s is divided by 106?
103
Suppose -u - 4*c + 107 = 0, -64*c - 285 = -u - 1266. Suppose -80 = -4*f + 2*n, -4*n - 94 = -5*f - 0*n. Calculate the remainder when u is divided by f.
21
Suppose 2*t - 132 = -524. Let z = 93 + t. Let u = z - -114. What is the remainder when u is divided by 3?
2
Let u = -12006 + 15242. What is the remainder when u is divided by 39?
38
Let d = 145 - 130. Suppose -3*h + q + 39 = 0, 5*h + 2*q - 39 - d = 0. Calculate the remainder when 20 is divided by h.
8
Let u = 5131 + -3408. Suppose 4*o - s - 104 = 0, 5*s = -27*o + 24*o + 55. Calculate the remainder when u is divided by o.
23
What is the remainder when 265 is divided by (-59)/((-1593)/(-2268))*4/(-3)?
41
Let z be 76 - (16/(-6))/(26/(-39)). What is the remainder when (z/(-60))/((-1)/15) is divided by 7?
4
Suppose 641*r + 3753 = 668*r. Calculate the remainder when 548 is divided by r.
131
Let q(g) = 58*g + 3730. Let n(p) = -11*p. Calculate the remainder when q(-64) is divided by n(-1).
7
Suppose -160*i + 82*i + 40275 = -53*i. Calculate the remainder when i is divided by 124.
123
Let n = 826 + -814. Let c(o) = -o**3 + 10*o**2 + 28*o - 38. What is the remainder when 60 is divided by c(n)?
0
Suppose 175*c + 289 = 188*c - 1492. Calculate the remainder when c is divided by 19.
4
What is the remainder when 360/1050*-14*(-205)/4 is divided by 8?
6
Let z(l) = l**3 - 9*l**2 + 8*l + 16. Let v be z(8). Suppose 0 = -g - 3 + 1. Calculate the remainder when 54 is divided by 1/g - (-232)/v.
12
Suppose 20 + 82 = 3*m. Suppose -3*r = -7 + m. Calculate the remainder when 60/8